ple of 27?
False
Is 16 a factor of 662?
False
Is 13618 a multiple of 69?
False
Does 59 divide 295?
True
Does 19 divide 11388?
False
Does 34 divide 2176?
True
Does 45 divide 2579?
False
Is 19 a factor of 4598?
True
Is 17 a factor of 6120?
True
Does 38 divide 1226?
False
Does 32 divide 160?
True
Does 38 divide 30970?
True
Is 1469 a multiple of 13?
True
Is 67400 a multiple of 394?
False
Is 8 a factor of 414?
False
Is 26 a factor of 546?
True
Is 258 a factor of 64758?
True
Is 37 a factor of 5433?
False
Does 7 divide 68488?
True
Is 1529 a multiple of 28?
False
Does 28 divide 9156?
True
Is 92736 a multiple of 172?
False
Is 60 a factor of 1136?
False
Is 50 a factor of 2738?
False
Is 13 a factor of 71?
False
Is 7 a factor of 210?
True
Is 6 a factor of 505?
False
Does 3 divide 4014?
True
Is 70870 a multiple of 18?
False
Is 54 a factor of 5076?
True
Is 361 a multiple of 19?
True
Is 5724 a multiple of 9?
True
Is 5048 a multiple of 54?
False
Does 9 divide 4068?
True
Is 1019 a multiple of 11?
False
Does 8 divide 2406?
False
Does 235 divide 512?
False
Is 144 a factor of 851?
False
Is 32864 a multiple of 16?
True
Is 23 a factor of 1622?
False
Is 1470 a multiple of 21?
True
Is 14 a factor of 938?
True
Does 19 divide 152?
True
Is 31 a factor of 4169?
False
Is 3 a factor of 82?
False
Is 1330 a multiple of 19?
True
Does 21 divide 19530?
True
Does 246 divide 30504?
True
Is 4042 a multiple of 94?
True
Does 68 divide 9180?
True
Is 3240 a multiple of 15?
True
Is 30 a factor of 2280?
True
Is 12 a factor of 217?
False
Is 2097 a multiple of 93?
False
Does 7 divide 1293?
False
Is 3428 a multiple of 7?
False
Does 25 divide 581?
False
Is 39 a factor of 1326?
True
Does 198 divide 5912?
False
Does 15 divide 1635?
True
Does 12 divide 232?
False
Does 7 divide 1172?
False
Is 468 a multiple of 18?
True
Does 22 divide 115?
False
Is 3795 a multiple of 115?
True
Does 35 divide 894?
False
Does 78 divide 3432?
True
Does 93 divide 20367?
True
Is 216 a factor of 42552?
True
Is 16570 a multiple of 7?
False
Is 1725 a multiple of 25?
True
Is 55 a factor of 275?
True
Does 39 divide 20319?
True
Is 7 a factor of 434?
True
Is 77 a factor of 385?
True
Is 6 a factor of 205?
False
Is 1012 a multiple of 46?
True
Is 36 a factor of 1140?
False
Does 18 divide 10548?
True
Does 33 divide 18291?
False
Does 20 divide 1220?
True
Does 2 divide 58?
True
Does 41 divide 2624?
True
Is 48 a factor of 4368?
True
Is 50 a multiple of 16?
False
Does 11 divide 18689?
True
Is 3 a factor of 424?
False
Is 69 a factor of 8827?
False
Does 10 divide 231?
False
Does 16 divide 496?
True
Is 16797 a multiple of 7?
False
Does 44 divide 20955?
False
Does 17 divide 1338?
False
Is 18 a factor of 67355?
False
Is 5148 a multiple of 6?
True
Is 10406 a multiple of 11?
True
Is 9 a factor of 2250?
True
Is 759 a multiple of 37?
False
Is 22 a factor of 242?
True
Is 11 a factor of 9042?
True
Does 25 divide 1915?
False
Is 2100 a multiple of 12?
True
Is 11 a factor of 1221?
True
Is 42 a factor of 11172?
True
Does 18 divide 162?
True
Does 43 divide 559?
True
Is 3059 a multiple of 19?
True
Is 123 a factor of 44696?
False
Is 169 a factor of 16900?
True
Does 2 divide 5222?
True
Is 8284 a multiple of 218?
True
Does 4 divide 339?
False
Is 22 a factor of 115?
False
Does 35 divide 5180?
True
Is 233 a multiple of 2?
False
Is 33 a factor of 3531?
True
Is 105600 a multiple of 32?
True
Is 19232 a multiple of 118?
False
Is 12 a factor of 6036?
True
Does 46 divide 273?
False
Is 2343 a multiple of 325?
False
Is 3717 a multiple of 21?
True
Is 148 a factor of 58274?
False
Is 25 a multiple of 2?
False
Is 50 a factor of 945?
False
Does 36 divide 32076?
True
Does 8 divide 879?
False
Is 28 a factor of 2701?
False
Is 15 a factor of 43335?
True
Is 21 a factor of 4282?
False
Is 270 a multiple of 15?
True
Does 48 divide 4320?
True
Is 28 a factor of 20893?
False
Is 26 a factor of 2028?
True
Does 148 divide 4292?
True
Does 7 divide 33669?
False
Does 43 divide 18232?
True
Is 3 a factor of 3287?
False
Does 34 divide 2577?
False
Does 16 divide 816?
True
Does 6 divide 2220?
True
Is 6 a factor of 621?
False
Is 154 a factor of 38982?
False
Does 43 divide 5504?
True
Is 49 a factor of 441?
True
Is 18486 a multiple of 18?
True
Does 35 divide 525?
True
Is 17 a factor of 612?
True
Is 99 a factor of 3366?
True
Is 15 a factor of 12750?
True
Is 583 a multiple of 11?
True
Is 29 a factor of 5974?
True
Is 222 a multiple of 84?
False
Is 576 a multiple of 24?
True
Is 60 a multiple of 15?
True
Is 20 a factor of 6532?
False
Does 125 divide 4962?
False
Is 11 a factor of 2783?
True
Is 929 a multiple of 5?
False
Is 75936 a multiple of 27?
False
Is 29538 a multiple of 18?
True
Is 42411 a multiple of 34?
False
Is 68 a factor of 491?
False
Is 16 a factor of 240?
True
Is 770 a multiple of 14?
True
Does 13 divide 6888?
False
Is 8436 a multiple of 37?
True
Is 3 a factor of 27?
True
Is 98 a factor of 6214?
False
Is 637 a multiple of 13?
True
Does 13 divide 735?
False
Does 7 divide 575?
False
Does 5 divide 6314?
False
Is 10 a factor of 2260?
True
Does 61 divide 4638?
False
Is 9856 a multiple of 105?
False
Is 1295 a multiple of 5?
True
Is 22 a factor of 2552?
True
Is 10064 a multiple of 17?
True
Is 10 a factor of 750?
True
Is 542 a multiple of 31?
False
Does 21 divide 984?
False
Is 3988 a multiple of 19?
False
Is 34 a factor of 1008?
False
Does 97 divide 2813?
True
Does 44 divide 35992?
True
Is 3 a factor of 38?
False
Is 43 a factor of 4601?
True
Is 1424 a multiple of 8?
True
Does 6 divide 1122?
True
Does 116 divide 25984?
True
Is 1800 a multiple of 50?
True
Is 8163 a multiple of 18?
False
Is 145 a factor of 9570?
True
Is 4017 a multiple of 103?
True
Does 5 divide 11267?
False
Is 33589 a multiple of 7?
False
Is 8008 a multiple of 56?
True
Does 29 divide 59?
False
Is 137 a factor of 27365?
False
Is 36704 a multiple of 8?
True
Does 5 divide 583?
False
Is 14501 a multiple of 13?
False
Is 97 a factor of 165870?
True
Does 32 divide 1116?
False
Is 68 a factor of 6470?
False
Is 11078 a multiple of 14?
False
Does 6 divide 1614?
True
Does 12 divide 85184?
False
Is 1673 a multiple of 22?
False
Is 12972 a multiple of 17?
False
Does 17 divide 26657?
False
Does 78 divide 124878?
True
Is 78 a factor of 23712?
True
Does 4 divide 128?
True
Is 32 a multiple of 4?
True
Does 26 divide 2372?
False
Is 957 a multiple of 29?
True
Is 123 a factor of 2460?
True
Is 207 a multiple of 3?
True
Is 36 a factor of 12492?
True
Is 20 a factor of 7134?
False
Does 4 divide 1536?
True
Is 3048 even?
True
Is 118 a factor of 4248?
True
Is 3490 a multiple of 11?
False
Is 84 a multiple of 12?
True
Is 18009 a multiple of 12?
False
Does 7 divide 104?
False
Is 9 a factor of 528?
False
Is 58 a factor of 5381?
False
Is 21 a factor of 2688?
True
Is 13 a factor of 2513?
False
Does 36 divide 512?
False
Is 390 a multiple of 10?
True
Does 14 divide 31339?
False
Does 8 divide 75?
False
Does 60 divide 677?
False
Does 56 divide 3528?
True
Does 5 divide 117?
False
Is 14 a factor of 3200?
False
Is 24 a factor of 1776?
True
Is 57442 a multiple of 7?
True
Does 14 divide 91518?
True
Does 28 divide 8148?
True
Is 312 a multiple of 12?
True
Does 328 divide 100040?
True
Is 158 a multiple of 85?
False
Is 25 a factor of 12952?
False
Is 2765 a multiple of 79?
True
Is 477 a multiple of 9?
True
Is 304 a multiple of 38?
True
Is 527 a multiple of 17?
True
Does 85 divide 7021?
False
Is 57329 a multiple of 6?
False
Is 17384 a multiple of 8?
True
Does 30 divide 922?
False
Is 20 a factor of 127?
False
Is 229 a multiple of 27?
False
Does 21 divide 21021?
True
Does 168 divide 4704?
True
Is 229 a factor of 23079?
False
Is 1898 a multiple of 15?
False
Does 2 divide 504?
True
Is 462 a factor of 145555?
False
Does 35 divide 57020?
False
Is 8679 a multiple of 52?
False
Does 6 divide 1734?
True
Is 88 a factor of 3520?
True
Does 12 divide 15935?
False
Is 583 a multiple of 11?
True
Is 4 a factor of 1260?
True
Is 89 a multiple of 46?
False
Does 15 divide 72401?
False
Does 108 divide 90680?
False
Is 699 a multiple of 20?
False
Is 10 a factor of 979?
False
Is 238 a factor of 64007?
False
Does 22 divide 374?
True
Is 1737 a multiple of 27?
False
Is 7 a factor of 45?
False
Is 215 a multiple of 8?
False
Is 3380 a multiple of 26?
True
Does 13 divide 13?
True
Does 6 divide 486?
True
D